01 a composite number?
True
Is 19793 composite?
False
Is 13567 prime?
True
Is 898 a prime number?
False
Is 439753 a prime number?
True
Is 17467 composite?
False
Is 47063 a prime number?
False
Is 122989 a composite number?
True
Is 433981 composite?
False
Is 10301 a prime number?
True
Is 17137 composite?
False
Is 2881 a prime number?
False
Is 19661 prime?
True
Is 195961 a composite number?
True
Is 2976397 a composite number?
False
Is 1141 composite?
True
Is 578843 a prime number?
True
Is 10522 composite?
True
Is 50741 a composite number?
False
Is 1931 composite?
False
Is 60493 a composite number?
False
Is 693647 a composite number?
True
Is 148991 a prime number?
True
Is 579661 prime?
False
Is 264631 prime?
True
Is 916961 prime?
True
Is 126533 a composite number?
True
Is 84401 prime?
True
Is 182887 a composite number?
False
Is 48973 a composite number?
False
Is 366211 prime?
True
Is 277331 a prime number?
True
Is 1186273 composite?
True
Is 26734 a composite number?
True
Is 3719 prime?
True
Is 158057 prime?
False
Is 19069 a prime number?
True
Is 10821 a composite number?
True
Is 65743 a composite number?
True
Is 23401 composite?
True
Is 683567 a composite number?
False
Is 61001 prime?
True
Is 10705 a composite number?
True
Is 37769 composite?
True
Is 153839 a composite number?
True
Is 150929 prime?
True
Is 53321 prime?
False
Is 172285 a prime number?
False
Is 133681 prime?
False
Is 12127 a composite number?
True
Is 299213 prime?
True
Is 59611 composite?
False
Is 22301 prime?
False
Is 158699 a prime number?
True
Is 32773 a composite number?
True
Is 2627858 prime?
False
Is 24523 composite?
True
Is 18617 a composite number?
False
Is 179161 composite?
False
Is 983734 composite?
True
Is 3240607 prime?
True
Is 9586 a prime number?
False
Is 73999 prime?
True
Is 3079 composite?
False
Is 20841 prime?
False
Is 166435 a composite number?
True
Is 5517191 a composite number?
False
Is 5539 a prime number?
False
Is 9742793 a prime number?
True
Is 49099 composite?
True
Is 4417 a prime number?
False
Is 435703 a prime number?
False
Is 328271 a prime number?
True
Is 58889 prime?
True
Is 10369 composite?
False
Is 12205 prime?
False
Is 340529 a composite number?
True
Is 1322437 prime?
True
Is 489589 prime?
False
Is 3082309 a composite number?
False
Is 43637 prime?
False
Is 11993 a composite number?
True
Is 522263 a prime number?
False
Is 1239569 composite?
False
Is 1797 prime?
False
Is 26941 a prime number?
False
Is 277117 composite?
True
Is 1929 composite?
True
Is 11091 a composite number?
True
Is 223 composite?
False
Is 557 a prime number?
True
Is 10783 composite?
True
Is 1729097 composite?
True
Is 4481 a composite number?
False
Is 1276927 a composite number?
False
Is 9127 prime?
True
Is 1769839 a composite number?
False
Is 85691 composite?
False
Is 418459 a composite number?
False
Is 794959 a prime number?
False
Is 67409 a composite number?
False
Is 134869 prime?
False
Is 46201 prime?
False
Is 35333 composite?
True
Is 650527 a prime number?
False
Is 32827 composite?
True
Is 1194621 a prime number?
False
Is 10477 composite?
False
Is 3670463 composite?
False
Is 394039 a prime number?
True
Is 289439 composite?
False
Is 29717 prime?
True
Is 580857 a composite number?
True
Is 127811 composite?
True
Is 1083659 prime?
True
Is 28777 prime?
False
Is 417839 prime?
True
Is 121269 a composite number?
True
Is 1421389 composite?
False
Is 1949 a composite number?
False
Is 1151 a prime number?
True
Is 203386 a composite number?
True
Is 194963 a composite number?
False
Is 17221 composite?
True
Is 33763 prime?
False
Is 214163 prime?
True
Is 2473 prime?
True
Is 200155 a prime number?
False
Is 322789 composite?
True
Is 793495 prime?
False
Is 8353 prime?
True
Is 307 a composite number?
False
Is 971771 prime?
False
Is 169207 a prime number?
False
Is 446 a prime number?
False
Is 32317 composite?
True
Is 143657 a prime number?
False
Is 24851 prime?
True
Is 112831 prime?
True
Is 45437 composite?
True
Is 113801 a prime number?
False
Is 14047 a composite number?
True
Is 432569 a composite number?
False
Is 54959 a prime number?
True
Is 1477 a prime number?
False
Is 3949 a composite number?
True
Is 249611 a prime number?
False
Is 6353 a composite number?
False
Is 264553 composite?
False
Is 15959 composite?
False
Is 25 prime?
False
Is 100319 prime?
False
Is 1759 composite?
False
Is 300457 a composite number?
True
Is 2814349 composite?
True
Is 12713 composite?
False
Is 8579 a prime number?
False
Is 41779 composite?
True
Is 204787 composite?
True
Is 739439 composite?
False
Is 3979 a prime number?
False
Is 58013 a prime number?
True
Is 413863 a prime number?
True
Is 492703 prime?
False
Is 96647 composite?
True
Is 108111 a composite number?
True
Is 11197 a composite number?
False
Is 6805 a prime number?
False
Is 305589 composite?
True
Is 11159 a prime number?
True
Is 1343 prime?
False
Is 9655 a prime number?
False
Is 423763 composite?
False
Is 4412921 a prime number?
False
Is 52267 prime?
True
Is 5645 composite?
True
Is 116611 composite?
True
Is 83047 composite?
False
Is 1199 prime?
False
Is 8263 prime?
True
Is 53177 a composite number?
True
Is 239623 prime?
True
Is 252919 a composite number?
False
Is 14923 a prime number?
True
Is 2429 a composite number?
True
Is 111467 prime?
True
Is 32251 a prime number?
True
Is 343019 prime?
True
Is 60469 a composite number?
True
Is 170797 composite?
True
Is 77339 composite?
False
Is 30986 a composite number?
True
Is 83051 composite?
True
Is 14871 prime?
False
Is 34981 prime?
True
Is 74831 a prime number?
True
Is 485597 a composite number?
True
Is 66083 prime?
True
Is 12667 composite?
True
Is 1844533 prime?
False
Is 733 a composite number?
False
Is 275398 composite?
True
Is 62461 prime?
False
Is 41333 a composite number?
False
Is 683201 composite?
False
Is 943967 composite?
False
Is 20227 a prime number?
False
Is 129571 a composite number?
True
Is 151507 composite?
False
Is 12929 a composite number?
True
Is 1793 composite?
True
Is 930211 prime?
True
Is 691109 prime?
True
Is 221773 prime?
True
Is 3472717 prime?
True
Is 719807 prime?
False
Is 3315031 prime?
True
Is 595801 composite?
False
Is 241463 prime?
True
Is 43671 a composite number?
True
Is 9880921 a prime number?
True
Is 16163 prime?
False
Is 23117 a prime number?
True
Is 163745 a composite number?
True
Is 5737 prime?
True
Is 2423 composite?
False
Is 42589 prime?
True
Is 44629 prime?
False
Is 138203 prime?
False
Is 241489 a prime number?
True
Is 941 composite?
False
Is 8567 composite?
True
Is 2002251 a prime number?
False
Is 97331 prime?
False
Is 83981 a composite number?
True
Is 403917 composite?
True
Is 7431 a prime number?
False
Is 583 a prime number?
False
Is 62921 a prime number?
True
Is 855241 a composite number?
False
Is 10061 a prime number?
True
Is 29411 a prime number?
True
Is 327869 prime?
True
Is 11647 composite?
True
Is 2939 a prime number?
True
Is 13123 a prime number?
False
Is 1704785 a composite number?
True
Is 7613 a prime number?
False
Is 224833 a prime number?
False
Is 11901 composite?
True
Is 76367 composite?
False
Is 149843 a prime number?
False
Is 56263 a composite number?
False
Is 18227 composite?
True
Is 12629 a prime number?
False
Is 14843 composite?
False
Is 16969 a prime number?
False
Is 1364822 a prime number?
False
Is 1094711 a prime number?
True
Is 4783 a composite number?
False
Is 256621 a prime number?
False
Is 1564841 composite?
True
Is 5923 composite?
False
Is 853 composite?
False
Is 234113 a composite number?
True
Is 17783 a prime number?
True
Is 283211 prime?
True
Is 1454305 a composite number?
True
Is 2773 prime?
False
Is 23251 a prime number?
True
Is 76862 a composite number?
True
Is 677617 a composite number?
True
Is 5021 a composite number?
False
Is 201 composite?
True
Is 2233057 composite?
False
Is 165089 a composite number?
False
Is 32197 prime?
False
Is 4070219 a composite number?
False
Is 37397 prime?
True
Is 1567 composite?
False
Is 25457 prime?
True
Is 46433 a composite number?
True
Is 62758 a composite number?
True
Is 215993 a composite number?
True
Is 10411 composite?
True
Is 205097 prime?
True
Is 3653 a composite number?
True
Is 171251 a composite number?
False
Is 119957 prime?
False
Is 1379 prime?
False
Is 166777 composite?
True
Is 591 composite?
True
I